a(x) = x**3 + 6. Let q be a(0). What is v(q)?
-11
Suppose 2*x - 384 = -x. Let n be (-8)/44 + (0 - x/22). Let k be (2/n)/((-3)/9). Let q(v) = -20*v. Give q(k).
-20
Let x be 10/1*(7 + 66/(-10)). Let u(j) = -2*j**2 + 21*j - 46. Give u(x).
6
Let j(n) = -7*n**2 + 10*n + 168. Let s(h) = -h**2 + 19. Let f(z) = j(z) - 5*s(z). Determine f(-6).
-59
Let w(m) = 28*m**2 - 7 - 109628*m**3 + 219255*m**3 - 109625*m**3. Determine w(-14).
-7
Let q(n) = -n**2 - 3*n + 1. Let t = 156 + -151. Suppose -t*i + 3 - 23 = 0. Give q(i).
-3
Let b(y) = -15*y**2 - 60*y - 155. Let v(c) = 4*c**2 + 17*c - 1. Let o(n) = b(n) + 4*v(n). Determine o(9).
-6
Let d be -1 - 5/((-15)/9). Let q(x) = 2*x**3 + 2*x**2 + 287*x + 313*x + x**2 - 604*x + 3. Give q(d).
23
Let w(n) = 4*n + 67. Let q(d) = -6*d - 6*d + 0 + 13*d + 17. Let z(l) = -9*q(l) + 2*w(l). Let k be z(-16). Let a(t) = 3*t + 4. What is a(k)?
-5
Let v be 40/10 - (0 + 0). Let a(m) = -m**2 + 9*m - 1. Let w(h) = 3*h**2 - 26*h + 3. Let o(f) = 8*a(f) + 3*w(f). Determine o(v).
-7
Let t(n) = -2*n - 20. Let y(g) = -25 - 3 + 21. Let p(j) = -3*t(j) + 8*y(j). Give p(-4).
-20
Let y(r) be the first derivative of r**3/3 + 4*r**2 + 9*r + 42. Determine y(-2).
-3
Suppose 2186 + 2086 = 267*n. Let p(v) = 3*v**2 - 45*v - 51. Give p(n).
-3
Let z(o) = 2*o**2 + 57*o + 31. Let t be -18*(17 - 1946/126). Give z(t).
3
Let h(z) = z**3 - 19*z**2 + 31*z + 28. Let y be ((-14)/((-168)/102))/((-5)/(-50)*5). Determine h(y).
-23
Let t be ((-12)/(-10))/((-1)/5). Let d(y) be the third derivative of 1/12*y**4 + 0 - 25*y**2 + 4/3*y**3 + 0*y. Give d(t).
-4
Let b be (-17)/(-2) - (-54)/108. Let i(a) = 15 + 8*a - 13 + b*a + a**2 - 10*a + 7*a. Give i(-12).
-22
Let x(k) = 3*k + 64. Let f(i) = -i**3 - 88*i**2 + 93*i + 335. Let m be f(-89). Calculate x(m).
1
Let p(l) be the third derivative of l**4/24 + 7*l**3/3 - 19*l**2. Let w = -1159 - -1154. Calculate p(w).
9
Let g(j) be the first derivative of 3*j**2 - 1. Let n be 2/2 + (-2 + 3)*-66. Let o = n - -63. Give g(o).
-12
Let n(p) be the second derivative of -p**4/12 + 5*p**3/2 - 45*p**2 + 7*p + 335. What is n(6)?
-36
Let v(d) = 14 - 48*d - 9 + 70*d - 10 + d**2 - 2*d**2. Calculate v(23).
-28
Let k(p) = p**2 - 2*p - 3. Let s = -102 - -136. Suppose 8*r = -10 + s. Calculate k(r).
0
Let u(j) be the second derivative of j**5/60 + 5*j**4/12 - 5*j**3 + 33*j. Let y(x) be the second derivative of u(x). What is y(-7)?
-4
Let k(s) = 66*s + 121. Let h(t) = t**3 - 92*t**2 + 94*t - 275. Let j be h(91). Calculate k(j).
-11
Let n(f) = f + 7. Suppose g + 2 = 0, 0 = -3*p + 5*g - 1 + 26. Suppose p - 3 = 2*m. Let h be -2 - m - 1*(1 + 1). Calculate n(h).
2
Let l be (-10890)/294 - 10/(-245). Let y(v) = 2*v**2 + 77*v + 88. Determine y(l).
-23
Let y(z) = -z**2 - 5*z + 3. Let w(o) = o**2 - 15*o - 12. Let k be w(14). Suppose -77 + 20 = 3*j. Let p = k - j. Calculate y(p).
-11
Suppose 0*l + 27*l - 6*l + 126 = 0. Let d(k) = -2*k**2 - 11*k - 6. Give d(l).
-12
Let l be 336/(-48)*(4 - (-156)/(-42)). Let f(i) = -63*i. Determine f(l).
126
Let z(b) = b**2 - 4*b + 3. Let j = 38 + -33. Suppose 2*s + 11 = j. Let o be (0 - 0) + 0 - s. Give z(o).
0
Suppose 22 = -3*d - 2*m - 3*m, -2*d - 4*m = 18. Let b(u) be the third derivative of 11/24*u**4 + 26*u**2 + 0 + 1/6*u**3 + 0*u. Give b(d).
12
Let w(q) = -3*q**2 + 29*q - 5. Let n = -12 + 20. Suppose -3*d - 20 = -n*d. Let o(h) = -h**2 + 10*h - 2. Let l(g) = d*w(g) - 11*o(g). What is l(5)?
7
Let i(s) be the third derivative of -s**6/120 + 7*s**5/30 - s**4/2 - 7*s**3/6 + 35*s**2. Let b(v) = -6*v + 37. Let g be b(4). Determine i(g).
6
Let b(c) = 16*c + 36. Suppose 3*o - 15 = -3*l, 3*l = -o - 73 + 74. Determine b(l).
4
Let f(n) = 39*n + 4 - 30*n - 27*n. Calculate f(3).
-50
Let g = -3244 - -3248. Let f(a) = 6 + 6 - 3*a - 3. Determine f(g).
-3
Suppose -25*z = -29*z. Let y be (0 - 4/(-10))/(28/490). Let o(l) = -3*l + 41. Let q(a) = -2*a + 28. Let k(u) = y*q(u) - 5*o(u). Give k(z).
-9
Let k(f) = -f**2 + 3*f. Let s be 130/(-8) - 2/(-8). Suppose 2019 - 2103 = -7*z. Let y be (-46)/(-8) - (-1)/(s/z). Calculate k(y).
-10
Let h(r) be the first derivative of -2*r**3/3 - 3*r**2 + 26*r + 3508. Determine h(3).
-10
Let c be 12 + 0 + 238 + -245. Let w(j) = -26*j + 138. Calculate w(c).
8
Let f(d) be the first derivative of d**3/3 - 11*d**2 + 112*d - 5179. Determine f(14).
0
Suppose r - 5*c = 7, r - 5*r - 4*c = 20. Let u(i) be the first derivative of -i**2 - 3*i + 3. Determine u(r).
3
Let t(k) be the first derivative of k**3 + 9*k**2/2 + 8*k - 4923. Give t(6).
170
Let r be (42/49)/(0 + 5 + (-610)/140). Let a(j) be the third derivative of 1/120*j**6 + 0 - 19*j**2 + 0*j + r*j**3 - 11/24*j**4 - 3/20*j**5. Give a(10).
-2
Suppose 135*v = 244 - 1054. Let c(p) = -p**3 - 7*p**2 + 3*p - 10. What is c(v)?
-64
Let f be (69/1)/((-1)/((-444)/18)). Let x(j) = -j**3 + f*j - 3404*j + 1702*j - 3 - 5*j**2. Calculate x(-4).
-19
Let p(i) = -17*i**2 + 4*i + 8. Suppose -23 + 17 = 6*m. Let y(v) = -4*v**2 + v + 1. Let z(g) = m*p(g) + 4*y(g). Give z(-4).
12
Let q(n) = -2*n**3 - 12*n**2 + 8*n + 16. Let v(a) = a**3 + 9*a**2 - 8*a - 135. Let i be v(-8). Calculate q(i).
58
Let k(u) = 9 - 9 + u + 10. Let c be (0 + -1)/((-41)/697). Let q = c + -25. Calculate k(q).
2
Let x(y) = -3*y - 21. Suppose -5*g = -18*g + 4*g - 261. Calculate x(g).
66
Let c(h) = h**2 + 4*h + 4. Let r be c(-4). Let f(a) be the second derivative of 0*a**2 + 2*a - 5/6*a**3 - 26. Determine f(r).
-20
Let y(w) = -w**2 - 8*w + 10. Let l be 3/(-6)*1*-62. Suppose 5*d + 9 = -l. What is y(d)?
10
Let m(d) be the third derivative of -24 - 1/3*d**3 + 1/6*d**4 + 1/120*d**6 - 2*d**2 + 1/12*d**5 + 0*d. Let o(b) = -b**3 - 4*b**2 - 4. Let v be o(-4). Give m(v).
-2
Let a(o) = -4*o**2 + 7*o - 2. Suppose 0 = 2*l + 3*s - 4 + 1, -3*l = s - 1. Let z be a(l). Let d(c) = 8*c**2 + 4*c + 2. Give d(z).
26
Let o(t) = 12*t - 48. Let x = 184 + -180. Let a be o(x). Let q(n) be the first derivative of n**3/3 - n**2/2 + 3*n + 2. Determine q(a).
3
Let r(s) be the second derivative of s**5/20 + s**4/2 + 5*s**3/6 + 2*s**2 - 5*s - 137. Suppose k - 4*k = 15. Determine r(k).
4
Let u(j) be the second derivative of -j**4/12 + 4*j**3/3 - 5*j**2/2 - 11*j. Let t = 16 - 5. Suppose 3*k - 5*l = t, 5*k + l = 6*k - 5. Calculate u(k).
2
Let q(x) be the first derivative of -x**3/3 - 16*x**2 - 88*x + 2946. What is q(-3)?
-1
Suppose -92*d + 195 + 357 = 0. Let k(o) = 7*o + 0*o**2 + 1 + 3 + o**3 - 8*o**2 + o**2. Determine k(d).
10
Let t be (-3 + 4 + -7)/(13 - 14). Let g(q) = 13 - 42*q + 38*q + 12. Determine g(t).
1
Let r(s) be the first derivative of s**4/4 + 13*s**3/3 - 5*s - 2. Let t be (-58 - -58) + 3 + -16. Calculate r(t).
-5
Let f(z) = -z**3 + 6*z**2 - 5*z + 1. Let t be f(5). Let v(a) be the first derivative of 51 + a + 0*a**2 + 9/2*a**4 + 0*a**3. What is v(t)?
19
Let k(u) = 3*u - 30. Let i = -9898 + 9881. What is k(i)?
-81
Let h(f) = -f**3 - 11*f**2 - 10*f + 1. Suppose -5*m + 5 = 10. Let p be (0 + (1 - -2))*m. Let q(z) = -2*z**2 - 5*z - 7. Let v be q(p). Give h(v).
1
Let q be (-4 + (-9 - -7))/((-4)/((-16)/(-6))). Let f(p) = -2*p - p**2 + 2 + 20 - 2. Let b be f(q). Let o(r) = -r**3 - 4*r**2 + r - 4. Calculate o(b).
-8
Let u(f) = -f**3 - 3*f**2 - 6*f - 8. Suppose 0*r - 5*l = 5*r + 10, 0 = -3*r - 5*l - 4. What is u(r)?
10
Let i(j) = -j**3 - 5*j**2 + j + 5. Suppose -4*c + 82 = -x - 68, -5*c - 2*x = -194. Let u = -38 + c. Suppose -r = 3*t - 7, u*t + 16 = 4*t. Give i(r).
0
Let m(y) = -y**3 - 5*y**2 + 10*y + 11. Let j(s) = -3*s**2 + 14*s + 33. Let c be j(-2). Calculate m(c).
39
Let p(j) = -3*j + 66978*j**2 - j**3 + j - 66972*j**2 + 3. What is p(6)?
-9
Let q(d) = -5*d - 66. Let u = -18434 - -18419. Calculate q(u).
9
Suppose 5*y - 103 = -2*b, -4*y = -4 + 16. Let u be b/118*(-1 - 11). Let t(q) = -q**3 - 5*q**2 + 9*q + 4. Give t(u).
-14
Let d = -2677 - -2677. Let x(y) = y**3 + 2*y - 27. Give x(d).
-27
Let d(o) = -8*o + 111. Let q(h) = 266*h + 2142. Let r be q(-8). Give d(r).
-1
Let n(p) = -17 - 4 + 46 - 7 + p - 13. Calculate n(-2).
3
Suppose g + k = 0, 4*g + k = 18 - 12. Let o(r) = 1 - r**2 + 13 + 5 + 2*r**g. Determine o(0).
19
Let g(m) = -7*m**2 - 12*m + 43. Let l(u) = -u**2 - u + 8. Let h(y) = -g(y) + 6*l(y). Suppose -3 = 2*z + 5. Determine h(z).
-3
Let b be (2/3)/(218/(-4251)). Let y(r) = -r**3 - 11*r**2 + 22*r - 1. Give y(b).
51
Let l(c) = -c**2 - 8*c - 6. 